{"id":235,"date":"2025-10-24T17:10:46","date_gmt":"2025-10-24T15:10:46","guid":{"rendered":"https:\/\/naturheilkunde-schwab.de\/?page_id=235"},"modified":"2025-11-08T17:14:06","modified_gmt":"2025-11-08T16:14:06","slug":"beckenboden1","status":"publish","type":"page","link":"https:\/\/naturheilkunde-schwab.de\/?page_id=235","title":{"rendered":"Der Beckenbodenstuhl"},"content":{"rendered":"\n<h2 class=\"wp-block-heading has-purple-color has-text-color has-link-color has-medium-font-size wp-elements-f3c98bbba4ca1860e5f1d7195cec1a2c\"><a href=\"https:\/\/naturheilkunde-schwab.de\/?p=212&amp;customize_changeset_uuid=7407e08a-714a-4287-bcd0-c91447bef4fc&amp;customize_autosaved=on&amp;customize_messenger_channel=preview-3\">Starker Beckenboden mit dem Magnetwellenstuhl<\/a><\/h2>\n\n\n\n<p class=\"has-dark-purple-color has-text-color has-link-color has-medium-font-size wp-elements-ebc0c911cba4e3aeccd4fd6f7d64b14b\">Bequem im Sitzen \u2013 ohne Schwitzen.<\/p>\n\n\n\n<figure class=\"wp-block-image size-large is-resized\"><img loading=\"lazy\" decoding=\"async\" width=\"768\" height=\"1024\" src=\"https:\/\/naturheilkunde-schwab.de\/wp-content\/uploads\/2025\/11\/1bbs1web-768x1024.jpg\" alt=\"\" class=\"wp-image-279\" style=\"width:241px;height:auto\" srcset=\"https:\/\/naturheilkunde-schwab.de\/wp-content\/uploads\/2025\/11\/1bbs1web-768x1024.jpg 768w, https:\/\/naturheilkunde-schwab.de\/wp-content\/uploads\/2025\/11\/1bbs1web-225x300.jpg 225w, https:\/\/naturheilkunde-schwab.de\/wp-content\/uploads\/2025\/11\/1bbs1web-1152x1536.jpg 1152w, https:\/\/naturheilkunde-schwab.de\/wp-content\/uploads\/2025\/11\/1bbs1web-1536x2048.jpg 1536w, https:\/\/naturheilkunde-schwab.de\/wp-content\/uploads\/2025\/11\/1bbs1web-scaled.jpg 1920w\" sizes=\"auto, (max-width: 768px) 100vw, 768px\" \/><\/figure>\n\n\n\n<p class=\"has-dark-purple-color has-text-color has-link-color wp-elements-b60a5f2b5a6c760af13b945805a4db40\">Effektiv. Modern. Medizinisch fundiert. <\/p>\n\n\n\n<figure class=\"wp-block-image is-resized\"><img loading=\"lazy\" decoding=\"async\" width=\"1024\" height=\"435\" src=\"https:\/\/naturheilkunde-schwab.de\/wp-content\/uploads\/2025\/10\/10317_1760957193064-1-1024x435.jpg\" alt=\"\" class=\"wp-image-210\" style=\"width:523px;height:auto\" srcset=\"https:\/\/naturheilkunde-schwab.de\/wp-content\/uploads\/2025\/10\/10317_1760957193064-1-1024x435.jpg 1024w, https:\/\/naturheilkunde-schwab.de\/wp-content\/uploads\/2025\/10\/10317_1760957193064-1-300x127.jpg 300w, https:\/\/naturheilkunde-schwab.de\/wp-content\/uploads\/2025\/10\/10317_1760957193064-1-768x326.jpg 768w, https:\/\/naturheilkunde-schwab.de\/wp-content\/uploads\/2025\/10\/10317_1760957193064-1-1536x652.jpg 1536w, https:\/\/naturheilkunde-schwab.de\/wp-content\/uploads\/2025\/10\/10317_1760957193064-1-2048x870.jpg 2048w\" sizes=\"auto, (max-width: 1024px) 100vw, 1024px\" \/><\/figure>\n\n\n\n<p class=\"has-dark-purple-color has-text-color has-link-color wp-elements-e7d17185ff6ad681fcb2db7218a68ed3\"><strong>Wie geht das so einfach mit einem Beckenbodenstuhl?<\/strong><\/p>\n\n\n\n<p>Der Beckenboden spielt eine zentrale Rolle f\u00fcr die Haltung, Kontinenz und innere Balance. Eine gezielte St\u00e4rkung kann das Wohlbefinden deutlich verbessern und k\u00f6rperliche, als auch psychische Beschwerden lindern.<br>Der Magnetwellenstuhl schafft, was auch die beste Beckenboden\u2012Gymnastik nicht vermag: er trainiert 3 Muskelschichten des Beckenbodens in wenigen Minuten zuverl\u00e4ssig.<\/p>\n\n\n\n<ul class=\"wp-block-list\">\n<li class=\"has-dark-purple-color has-text-color has-link-color wp-elements-f164455dc834c7d7ad78c20129366f34\"><strong><em><strong>St\u00e4rkung der Beckenbodenmuskulatur<\/strong><\/em><\/strong><\/li>\n<\/ul>\n\n\n\n<p>Die Muskeln werden direkt durch hochintensive Magnetwellen stimuliert, was die Muskelstruktur durch Hypertrophie (Wachstum und Kr\u00e4ftigung von Muskelfasern) verbessert und st\u00e4rkt.<\/p>\n\n\n\n<ul class=\"wp-block-list\">\n<li class=\"has-dark-purple-color has-text-color has-link-color wp-elements-ed3744f1987a620350176619930a6a20\"><strong><em><strong>Linderung von Inkontinenz<\/strong><\/em><\/strong><\/li>\n<\/ul>\n\n\n\n<p>Die Kr\u00e4ftigung des Beckenbodens hilft bei Harn- und Darminkontinenz, sowohl bei Frauen als auch bei M\u00e4nnern, zB nach Prostataoperationen, Geb\u00e4rmutterentfernungen.<\/p>\n\n\n\n<ul class=\"wp-block-list\">\n<li class=\"has-dark-purple-color has-text-color has-link-color wp-elements-40b06470729123add6e60923704ae580\"><strong><em><strong>Verbesserung der Sexualfunktion<\/strong><\/em><\/strong><\/li>\n<\/ul>\n\n\n\n<p>Das Training f\u00f6rdert die Durchblutung im Intimbereich stark. Hierzu kann die F\u00e4higkeit zur Erektion verbessert werden und die m\u00e4nnliche und weibliche Orgasmusf\u00e4higkeit kann gesteigert werden. Zus\u00e4tzlich kommen das Becken und den Genitalbereich wieder mehr in einen angenehmen Fokus von Gehirn und Psyche. Gef\u00fchlst\u00f6rungen im Becken k\u00f6nnen sich hierdurch enorm verbessern. <\/p>\n\n\n\n<ul class=\"wp-block-list\">\n<li class=\"has-dark-purple-color has-text-color has-link-color wp-elements-b4dd99b3c9b931547542c91baf7ea2b0\"><strong><em><strong>R\u00fcckbildungshilfe nach Schwangerschaft<\/strong><\/em><\/strong><\/li>\n<\/ul>\n\n\n\n<p>Der Stuhl unterst\u00fctzt die R\u00fcckbildung der Beckenbodenmuskulatur nach der Geburt und komplettiert die aktiven \u00dcbungen.<\/p>\n\n\n\n<ul class=\"wp-block-list\">\n<li class=\"has-dark-purple-color has-text-color has-link-color wp-elements-00aa39fdf38be85c7e9e9c5b7012085f\"><strong><em><strong>Ganzheitliches Training<\/strong><\/em><\/strong><\/li>\n<\/ul>\n\n\n\n<p>Der Stuhl trainiert nicht nur den Beckenboden, sondern auch die umliegenden Muskeln im H\u00fcft-, Ges\u00e4\u00df-, unterem R\u00fccken-, Unterbauch- und Oberschenkelbereich<\/p>\n\n\n\n<h1 class=\"wp-block-heading has-dark-purple-color has-text-color has-link-color wp-elements-3d8d39b9ca852102a05e32903188e8e9\"><strong>Vorteile der Behandlung:<\/strong><\/h1>\n\n\n\n<ul class=\"wp-block-list\">\n<li><strong>Schmerzfrei<\/strong><\/li>\n<\/ul>\n\n\n\n<p>Die Anwendung ist schmerzfrei und wird in der Regel als angenehm empfunden.<\/p>\n\n\n\n<ul class=\"wp-block-list\">\n<li><strong>Bequem<\/strong><\/li>\n<\/ul>\n\n\n\n<p>Die Behandlung erfolgt bequem im Sitzen, ohne sich entkleiden zu m\u00fcssen. Ohne schwei\u00dftreibende \u00dcbungen<\/p>\n\n\n\n<ul class=\"wp-block-list\">\n<li><strong>Zeitersparnis<\/strong><\/li>\n<\/ul>\n\n\n\n<p>Eine Sitzung ist relativ kurz (30 Minuten), liefert aber durch die hohe Anzahl an <strong>Kontraktionen (10000-12000 pro Sitzung)<\/strong> eine intensive Wirkung.<\/p>\n\n\n\n<ul class=\"wp-block-list\">\n<li><strong>Muskel Fasern<\/strong> werden gekr\u00e4ftigt und neu gebildet<\/li>\n\n\n\n<li><strong>Angenehme Anwendung:<\/strong><\/li>\n<\/ul>\n\n\n\n<p>Man kann sofort wieder den normalen Aktivit\u00e4ten nachgehen. Keine Nachbereitung.<\/p>\n\n\n\n<p><\/p>\n\n\n\n<p class=\"has-text-color has-link-color has-medium-font-size wp-elements-edb9aab5bb06eee2b1b6b655402b9b76\" style=\"color:#e6933c\"><strong>Wann darf man den Stuhl nicht benutzen?<\/strong><\/p>\n\n\n\n<p><strong>Absolute und relative Kontraindikationen<\/strong><\/p>\n\n\n\n<ul class=\"wp-block-list\">\n<li><strong>Schwangerschaft<\/strong>: Die Behandlung ist f\u00fcr Schwangere nicht geeignet!<\/li>\n\n\n\n<li><strong>Starker Menstruationsblutung<\/strong><\/li>\n\n\n\n<li><strong>Elektronische Implantate<\/strong>: Ger\u00e4te wie Herzschrittmacher, Defibrillatoren, Insulin- oder Schmerzmittelpumpen d\u00fcrfen nicht durch die elektromagnetische Stimulation beeintr\u00e4chtigt werden!<\/li>\n\n\n\n<li><strong>Stents<\/strong>: Stents (wie z. B. nach Operationen oder Eingriffen) sollten nicht j\u00fcnger als 6-8 Monate sein.<\/li>\n\n\n\n<li><strong>Akute Infektionen<\/strong>: Akute Infektionen im Beckenbereich oder Harnwegsinfekte sind ein Ausschlussgrund.<\/li>\n\n\n\n<li><strong>Frische Wunden oder Operationen<\/strong>: K\u00fcrzlich durchgef\u00fchrte Operationen (weniger als 8 Wochen) oder frische Wunden im Behandlungsbereich sind ebenfalls Kontraindikationen.<\/li>\n\n\n\n<li><strong>Krebserkrankungen<\/strong>: es gibt keine Erfahrungen bei Krebserkrankungen. Man sollte insbesondere bei b\u00f6sartigen Schwellungen im Beckenbereich auf die Anwendung verzichten.<\/li>\n\n\n\n<li><strong>Epilepsie<\/strong>: Personen mit Epilepsie sollten den Stuhl nicht verwenden.<\/li>\n<\/ul>\n\n\n\n<p class=\"has-blue-gray-color has-text-color has-link-color has-medium-font-size wp-elements-c04cee77a02f3919d69997bce364441d\"><\/p>\n\n\n\n<p><a href=\"https:\/\/naturheilkunde-schwab.de\/?page_id=284\" data-type=\"page\" data-id=\"284\">#Erfahrungen mit dem Beckenbodenstuhl<\/a><\/p>\n\n\n\n<p><\/p>\n","protected":false},"excerpt":{"rendered":"<p>Starker Beckenboden mit dem Magnetwellenstuhl Bequem im Sitzen \u2013 ohne Schwitzen. Effektiv. Modern. Medizinisch fundiert. Wie geht das so einfach mit einem Beckenbodenstuhl? Der Beckenboden spielt eine zentrale Rolle f\u00fcr die Haltung, Kontinenz und innere Balance. Eine gezielte St\u00e4rkung kann das Wohlbefinden deutlich verbessern und k\u00f6rperliche, als auch psychische Beschwerden lindern.Der Magnetwellenstuhl schafft, was auch &hellip; <a href=\"https:\/\/naturheilkunde-schwab.de\/?page_id=235\" class=\"more-link\"><span class=\"screen-reader-text\">Der Beckenbodenstuhl<\/span> weiterlesen<\/a><\/p>\n","protected":false},"author":1,"featured_media":0,"parent":0,"menu_order":0,"comment_status":"closed","ping_status":"closed","template":"","meta":{"footnotes":""},"class_list":["post-235","page","type-page","status-publish","hentry"],"_links":{"self":[{"href":"https:\/\/naturheilkunde-schwab.de\/index.php?rest_route=\/wp\/v2\/pages\/235","targetHints":{"allow":["GET"]}}],"collection":[{"href":"https:\/\/naturheilkunde-schwab.de\/index.php?rest_route=\/wp\/v2\/pages"}],"about":[{"href":"https:\/\/naturheilkunde-schwab.de\/index.php?rest_route=\/wp\/v2\/types\/page"}],"author":[{"embeddable":true,"href":"https:\/\/naturheilkunde-schwab.de\/index.php?rest_route=\/wp\/v2\/users\/1"}],"replies":[{"embeddable":true,"href":"https:\/\/naturheilkunde-schwab.de\/index.php?rest_route=%2Fwp%2Fv2%2Fcomments&post=235"}],"version-history":[{"count":18,"href":"https:\/\/naturheilkunde-schwab.de\/index.php?rest_route=\/wp\/v2\/pages\/235\/revisions"}],"predecessor-version":[{"id":332,"href":"https:\/\/naturheilkunde-schwab.de\/index.php?rest_route=\/wp\/v2\/pages\/235\/revisions\/332"}],"wp:attachment":[{"href":"https:\/\/naturheilkunde-schwab.de\/index.php?rest_route=%2Fwp%2Fv2%2Fmedia&parent=235"}],"curies":[{"name":"wp","href":"https:\/\/api.w.org\/{rel}","templated":true}]}}